
False
Is 14 a factor of 4564538762?
True
Is 105 a factor of 64704465?
True
Is 10 a factor of 24590127?
False
Does 3298 divide 1484314370?
True
Is 35 a factor of 9382783?
False
Does 14 divide 1241125962?
False
Is 34439976 a multiple of 1154?
True
Is 3718 a factor of 353131922?
True
Is 283633442 a multiple of 7350?
False
Does 54 divide 13890742?
False
Is 171614682 a multiple of 417?
True
Is 24 a factor of 154558595?
False
Is 25 a factor of 188174265?
False
Is 246 a factor of 392279964?
True
Is 24 a factor of 39960288?
True
Is 42581517 a multiple of 4?
False
Is 1032 a factor of 4238356821?
False
Does 87 divide 66415235?
False
Is 308387808 a multiple of 9?
True
Does 1244 divide 354587272?
True
Is 30 a factor of 4644808?
False
Is 73668624 a multiple of 912?
True
Is 353 a factor of 406449?
False
Does 26 divide 3634150?
True
Is 4686 a factor of 1071730374?
True
Does 284 divide 375673829?
False
Does 26 divide 40497999?
False
Is 322 a factor of 7228696050?
False
Is 243907065 a multiple of 3105?
True
Is 224 a factor of 421304128?
True
Is 159322850 a multiple of 60?
False
Is 98317211 a multiple of 127?
False
Is 146788092 a multiple of 787?
True
Is 162 a factor of 771559020?
True
Is 5222 a factor of 5733552342?
True
Is 527156340 a multiple of 51?
False
Is 1083 a factor of 37116514?
False
Does 5 divide 9953988?
False
Is 115386824 a multiple of 56?
True
Is 142338841 a multiple of 1103?
True
Is 5 a factor of 9958228?
False
Is 76 a factor of 130166264?
True
Is 1116357840 a multiple of 2909?
True
Is 703 a factor of 17371889?
False
Does 5 divide 21858737?
False
Does 209 divide 68011180?
False
Is 12035014 a multiple of 34?
True
Is 54 a factor of 52593408?
True
Is 671410490 a multiple of 2707?
False
Is 197156296 a multiple of 8?
True
Does 9 divide 352181358?
True
Is 206881367 a multiple of 77?
True
Does 3145 divide 243153618?
False
Does 14 divide 5377316?
True
Is 38138511 a multiple of 16?
False
Is 37 a factor of 65018709?
False
Does 112 divide 1265389128?
False
Does 89 divide 59566543?
True
Is 4500857564 a multiple of 196?
True
Does 831 divide 19956465?
True
Does 30 divide 1310833560?
True
Is 104 a factor of 234495339?
False
Is 6546279 a multiple of 3?
True
Is 29 a factor of 1323130626?
True
Does 107 divide 348170403?
True
Is 31 a factor of 689450943?
True
Is 950 a factor of 634715900?
True
Is 105 a factor of 5951715?
True
Is 134356542 a multiple of 31?
True
Does 7881 divide 379446507?
True
Does 120 divide 223488960?
True
Is 141 a factor of 57914587?
False
Does 1382 divide 642630?
True
Is 350228574 a multiple of 4?
False
Does 66 divide 10306477?
False
Is 1044599774 a multiple of 1093?
True
Is 31668904 a multiple of 4?
True
Is 391128135 a multiple of 4502?
False
Is 558 a factor of 18170712?
True
Does 697 divide 832231?
False
Is 25 a factor of 171189050?
True
Is 861 a factor of 67402524?
True
Does 15 divide 95025340?
False
Does 3228 divide 1718939052?
True
Is 18 a factor of 14888269?
False
Does 3349 divide 2280856835?
False
Does 256 divide 163516416?
True
Is 104375952 a multiple of 648?
True
Is 351934861 a multiple of 362?
False
Is 60470432 a multiple of 43?
False
Is 850 a factor of 1620722606?
False
Does 789 divide 155638929?
True
Is 3431346 a multiple of 6?
True
Is 1186 a factor of 22130760?
True
Is 15833812 a multiple of 1126?
True
Is 24 a factor of 190030053?
False
Does 54 divide 7457659?
False
Does 110 divide 123938870?
True
Is 4210 a factor of 2572954130?
True
Does 130 divide 2514487?
False
Does 2546 divide 167032876?
True
Is 104301090 a multiple of 45?
True
Does 312 divide 9704760?
True
Is 55 a factor of 921028983?
False
Does 383 divide 745545502?
True
Is 3430 a factor of 425845950?
False
Is 21 a factor of 409281969?
False
Is 1495925778 a multiple of 102?
True
Is 120444921 a multiple of 691?
False
Is 357 a factor of 10560060?
True
Does 45 divide 48540853?
False
Is 360708017 a multiple of 97?
False
Does 12 divide 6856378?
False
Is 90767320 a multiple of 1432?
True
Is 2741891334 a multiple of 17?
False
Is 2227 a factor of 1911498683?
True
Is 351 a factor of 914349033?
True
Is 3248261 a multiple of 72?
False
Does 20 divide 4377520738?
False
Is 28450632 a multiple of 16?
False
Does 7 divide 1762166?
True
Does 920 divide 32166880?
True
Does 39 divide 292461676?
False
Is 131 a factor of 430671481?
False
Is 7430 a factor of 1619011860?
True
Is 383518773 a multiple of 297?
True
Is 46191550 a multiple of 775?
True
Is 8 a factor of 1514801632?
True
Is 53330616 a multiple of 74?
True
Is 4020268 a multiple of 19?
False
Does 19 divide 52585953?
False
Is 5 a factor of 34364682?
False
Does 1047 divide 36182659?
False
Is 255508026 a multiple of 55?
False
Does 253 divide 104138526?
False
Is 4 a factor of 6382688?
True
Is 892658292 a multiple of 2490?
False
Does 54 divide 468235769?
False
Is 744 a factor of 20460000?
True
Is 1235 a factor of 18987369?
False
Is 4015760 a multiple of 70?
True
Is 109 a factor of 84156249?
False
Is 6618367 a multiple of 20?
False
Is 315853568 a multiple of 83?
False
Does 123 divide 15056215?
False
Is 737608490 a multiple of 210?
False
Does 1740 divide 118761967?
False
Is 1603 a factor of 35631484?
True
Is 388 a factor of 62166912?
True
Is 1666 a factor of 54974431?
False
Does 139 divide 529921228?
False
Is 15713 a factor of 4962673437?
False
Does 34 divide 132885816?
False
Is 191493452 a multiple of 53?
True
Is 9464736 a multiple of 12?
True
Is 5 a factor of 997978475?
True
Does 1069 divide 175721151?
True
Is 42423103 a multiple of 10?
False
Does 2121 divide 43412763?
False
Does 448 divide 4690057?
False
Is 252804905 a multiple of 32?
False
Is 51 a factor of 30104892?
True
Is 10 a factor of 21688280?
True
Is 296 a factor of 13282704?
True
Does 39 divide 39432198?
True
Does 6 divide 92564509?
False
Does 818 divide 433337136?
True
Is 1070653540 a multiple of 3156?
False
Is 416646869 a multiple of 79?
True
Is 57475096 a multiple of 56?
True
Is 98 a factor of 20740426?
True
Is 2126 a factor of 724106091?
False
Is 37 a factor of 2031144036?
False
Is 348 a factor of 54854544?
True
Does 4012 divide 1350900580?
True
Is 80924859 a multiple of 46?
False
Is 116 a factor of 141663724?
True
Does 25 divide 64899849?
False
Is 46 a factor of 3680782?
True
Is 231 a factor of 2241839523?
True
Does 3 divide 251761596?
True
Is 1219130923 a multiple of 599?
True
Does 13 divide 37255367?
False
Is 99348632 a multiple of 16?
False
Is 278 a factor of 2575392?
True
Is 11 a factor of 218599344?
False
Is 397 a factor of 15988688?
False
Is 493595880 a multiple of 1128?
True
Does 5890 divide 165043690?
True
Is 116405584 a multiple of 4?
True
Does 8021 divide 533380458?
True
Is 12321066 a multiple of 618?
True
Is 27 a factor of 194071814?
False
Is 25 a factor of 562717859?
False
Is 56549220 a multiple of 364?
True
Is 932133396 a multiple of 69?
False
Is 412 a factor of 17332428?
True
Is 687 a factor of 12530880?
True
Does 617 divide 82325799?
False
Is 11384637 a multiple of 15?
False
Is 177 a factor of 110025923?
False
Is 525 a factor of 110997600?
True
Is 1756500050 a multiple of 71?
False
Does 144 divide 213755328?
True
Is 40347024 a multiple of 16?
True
Is 157309282 a multiple of 2208?
False
Is 320979738 a multiple of 1420?
False
Is 26734400 a multiple of 248?
True
Does 413 divide 572057569?
False
Is 147225021 a multiple of 2481?
True
Is 193992282 a multiple of 66?
True
Is 2905517701 a multiple of 43?
False
Is 34824504 a multiple of 893?
False
Does 213 divide 385285020?
False
Does 426 divide 285024763?
False
Is 23155440 a multiple of 20?
True
Is 1213917980 a multiple of 380?
True
Does 45 divide 169184931?
False
Is 485924079 a multiple of 56?
False
Is 47720880 a multiple of 20?
True
Is 6928810 a multiple of 62?
True
Is 1226 a factor of 2519902010?
True
Does 1402 divide 368220715?
False
Is 210129510 a multiple of 410?
True
Is 18834788 a multiple of 30?
False
Does 31 divide 29795402?
True
Is 4 a factor of 9971340?
True
Does 96 divide 306803328?
True
Is 26360075 a multiple of 175?
True
Is 21 a factor of 28053750?
False
Does 20 divide 8613740?
True
Does 200 divide 2682487607?
False
Is 45214687 a multiple of 2611?
True
Is 22587180 a multiple of 5?
True
Is 544245677 a multiple of 6485?
False
Is 1017026503 a multiple of 316?
False
Is 467807037 a multiple of 323?
True
Does 99